multiple of 4?
True
Is 71 a multiple of 18?
False
Is 31374 a multiple of 27?
True
Is 46332 a multiple of 52?
True
Is 19 a factor of 389?
False
Is 12 a factor of 14688?
True
Does 61 divide 35136?
True
Is 59826 a multiple of 46?
False
Is 75 a factor of 85350?
True
Is 3 a factor of 600?
True
Is 5852 a multiple of 13?
False
Is 353 a factor of 17297?
True
Does 17 divide 9988?
False
Is 17 a factor of 358?
False
Is 57400 a multiple of 41?
True
Is 46 a factor of 690?
True
Is 86 a factor of 7220?
False
Does 6 divide 504?
True
Is 72 a factor of 1146?
False
Is 10 a factor of 10?
True
Is 5 a factor of 382?
False
Is 740 a multiple of 17?
False
Is 8798 a multiple of 14?
False
Is 13 a factor of 895?
False
Does 19 divide 12094?
False
Is 798 a multiple of 19?
True
Does 13 divide 44460?
True
Is 20 a factor of 1680?
True
Is 40 a factor of 6906?
False
Is 2687 a multiple of 109?
False
Is 3124 a multiple of 77?
False
Is 111 a factor of 72906?
False
Does 15 divide 600?
True
Is 11268 a multiple of 4?
True
Does 54 divide 13824?
True
Is 42 a factor of 2856?
True
Is 5 a factor of 760?
True
Is 12 a factor of 3288?
True
Is 71 a factor of 1207?
True
Is 19 a factor of 703?
True
Does 30 divide 2790?
True
Does 27 divide 54?
True
Is 858 a multiple of 26?
True
Does 10 divide 230?
True
Is 19 a factor of 156?
False
Does 11 divide 2772?
True
Is 26 a factor of 48941?
False
Is 28 a factor of 2072?
True
Is 10 a factor of 38980?
True
Does 7 divide 406?
True
Is 57 a factor of 969?
True
Is 12 a factor of 1838?
False
Is 681 a multiple of 16?
False
Is 5672 a multiple of 8?
True
Is 135 a multiple of 5?
True
Does 8 divide 1440?
True
Is 2208 a multiple of 23?
True
Is 1274 a multiple of 10?
False
Is 2412 a multiple of 69?
False
Is 7 a factor of 2807?
True
Is 1893 a multiple of 70?
False
Is 6 a factor of 3610?
False
Does 4 divide 452?
True
Is 5 a factor of 6380?
True
Is 15 a factor of 15590?
False
Does 14 divide 11634?
True
Is 373 a multiple of 24?
False
Does 35 divide 46810?
False
Is 79 a factor of 6940?
False
Is 212 a factor of 20988?
True
Is 63 a factor of 74284?
False
Is 1077 a multiple of 51?
False
Does 29 divide 511?
False
Is 57 a factor of 4275?
True
Is 26 a factor of 3247?
False
Is 1293 a multiple of 30?
False
Does 37 divide 900?
False
Is 16 a factor of 1536?
True
Does 15 divide 450?
True
Is 36 a factor of 252?
True
Does 125 divide 5125?
True
Does 19 divide 263?
False
Does 4 divide 461?
False
Is 2520 a multiple of 6?
True
Is 4 a factor of 240?
True
Is 9605 a multiple of 14?
False
Is 44 a factor of 2643?
False
Is 21 a factor of 54956?
False
Does 6 divide 1991?
False
Is 81 a multiple of 9?
True
Is 200 a multiple of 4?
True
Is 3790 a multiple of 102?
False
Does 27 divide 11880?
True
Does 37 divide 7257?
False
Is 2659 a multiple of 2?
False
Is 26 a factor of 431?
False
Is 13 a factor of 36478?
True
Is 13305 a multiple of 26?
False
Is 19 a factor of 1159?
True
Does 23 divide 897?
True
Does 35 divide 26813?
False
Is 5 a factor of 725?
True
Is 51 a factor of 6894?
False
Does 2 divide 833?
False
Is 6402 a multiple of 35?
False
Is 44 a factor of 848?
False
Does 12 divide 1702?
False
Is 12 a factor of 183?
False
Is 115 a multiple of 23?
True
Is 48 a factor of 864?
True
Is 20 a factor of 981?
False
Does 171 divide 60338?
False
Is 3240 a multiple of 40?
True
Is 25 a factor of 50911?
False
Is 10 a factor of 1360?
True
Is 59 a factor of 1947?
True
Does 8 divide 296?
True
Is 1653 a multiple of 29?
True
Is 500 a multiple of 50?
True
Is 26864 a multiple of 184?
True
Is 7471 a multiple of 8?
False
Is 4865 a multiple of 7?
True
Is 10000 a multiple of 32?
False
Is 19 a factor of 17290?
True
Is 7 a factor of 2107?
True
Does 10 divide 1971?
False
Does 261 divide 12006?
True
Is 89 a factor of 21805?
True
Does 8 divide 417?
False
Does 15 divide 13717?
False
Does 48 divide 816?
True
Is 77 a factor of 28796?
False
Does 255 divide 20910?
True
Does 11 divide 641?
False
Is 17319 a multiple of 9?
False
Is 441 a multiple of 49?
True
Is 23 a factor of 3933?
True
Does 37 divide 638?
False
Does 52 divide 34667?
False
Is 39 a factor of 1092?
True
Is 126022 a multiple of 21?
False
Is 58 a factor of 4176?
True
Is 18 a factor of 5002?
False
Does 2 divide 1776?
True
Does 12 divide 4368?
True
Does 15 divide 1566?
False
Is 29 a factor of 4640?
True
Is 1820 a multiple of 5?
True
Does 2 divide 240?
True
Is 463 a multiple of 31?
False
Is 12888 a multiple of 8?
True
Is 1105 a multiple of 10?
False
Is 20 a factor of 39300?
True
Is 78 a multiple of 13?
True
Is 9 a factor of 417?
False
Is 5 a factor of 850?
True
Is 3582 a multiple of 22?
False
Is 94 a factor of 6764?
False
Is 23696 a multiple of 80?
False
Is 1359 a multiple of 2?
False
Is 101 a factor of 138106?
False
Does 4 divide 91?
False
Is 15 a factor of 597?
False
Is 176 even?
True
Is 27759 a multiple of 8?
False
Does 4 divide 140?
True
Is 17 a factor of 389?
False
Is 906 a multiple of 8?
False
Does 14 divide 3963?
False
Is 23 a factor of 460?
True
Is 180 a multiple of 45?
True
Is 200 a factor of 5000?
True
Is 4641 a multiple of 11?
False
Is 504 a multiple of 24?
True
Is 96 a multiple of 16?
True
Does 4 divide 13887?
False
Is 28 a factor of 7000?
True
Is 456 a multiple of 45?
False
Is 7 a factor of 93?
False
Is 7 a factor of 1057?
True
Does 18 divide 39924?
True
Does 7 divide 15950?
False
Is 24 a factor of 12704?
False
Is 41 a factor of 10209?
True
Is 8778 a multiple of 266?
True
Is 12 a factor of 4137?
False
Is 6 a factor of 1181?
False
Does 122 divide 3416?
True
Is 15 a factor of 849?
False
Does 26 divide 572?
True
Is 51 a factor of 1953?
False
Does 24 divide 41184?
True
Is 31 a factor of 9322?
False
Does 13 divide 4270?
False
Is 451 a multiple of 17?
False
Is 41052 a multiple of 22?
True
Is 83074 a multiple of 102?
False
Does 218 divide 13516?
True
Does 22 divide 4946?
False
Is 4806 a multiple of 54?
True
Is 12 a factor of 326?
False
Is 30850 a multiple of 7?
False
Is 8712 a multiple of 9?
True
Does 12 divide 9063?
False
Does 11 divide 2452?
False
Is 12 a multiple of 12?
True
Does 154 divide 3080?
True
Does 19 divide 570?
True
Does 22 divide 15972?
True
Does 5 divide 666?
False
Is 28268 a multiple of 37?
True
Does 11 divide 22946?
True
Is 5114 a multiple of 8?
False
Is 5 a factor of 153?
False
Is 10938 a multiple of 12?
False
Is 84 a factor of 2856?
True
Does 89 divide 18475?
False
Is 7 a factor of 41219?
False
Is 2700 a multiple of 15?
True
Does 14 divide 12040?
True
Does 10 divide 10230?
True
Does 47 divide 7943?
True
Does 89 divide 22827?
False
Does 4 divide 179?
False
Is 19872 a multiple of 27?
True
Is 42 a factor of 354?
False
Is 1576 a multiple of 8?
True
Is 4 a factor of 248?
True
Does 85 divide 2465?
True
Is 14 a factor of 1708?
True
Is 7 a factor of 10229?
False
Is 2 a factor of 612?
True
Is 27 a factor of 1944?
True
Does 7 divide 48?
False
Is 5632 even?
True
Is 16280 a multiple of 110?
True
Is 528 a multiple of 11?
True
Is 7144 a multiple of 15?
False
Is 18 a factor of 6282?
True
Is 234 a factor of 19656?
True
Is 13 a factor of 117?
True
Is 4784 a multiple of 23?
True
Does 9 divide 666?
True
Is 12 a factor of 22?
False
Does 339 divide 7062?
False
Does 78 divide 1866?
False
Is 3366 a multiple of 51?
True
Is 46726 a multiple of 71?
False
Does 64 divide 5760?
True
Is 57 a factor of 36993?
True
Is 12 a factor of 2256?
True
Is 400 a multiple of 50?
True
Is 73 a factor of 1314?
True
Is 30 a factor of 7710?
True
Is 6322 a multiple of 113?
False
Does 30 divide 1789?
False
Does 13 divide 642?
False
Does 25 divide 456?
False
Is 521 a multiple of 3?
False
Is 11 a factor of 781?
True
Does 40 divide 303?
False
Is 840 a multiple of 14?
True
Is 60276 a multiple of 12?
True
Is 5215 even?
False
Is 69974 a multiple of 59?
True
Does 4 divide 1847?
False
Does 29 divide 667?
True
Is 107 a multiple of 3?
False
Does 8 divide 560?
True
Does 14 divide 55790?
True
Does 71 divide 6003?
False
Is 26 a factor of 598?
True
Is 11 a factor of 11815?
False
Is 1575 a multiple of 26?
False
Is 58 a factor of 3243?
False
Does 12 divide 4675?
False
Is 10 a factor of 1210?
True
Is 40 a factor of 69720?
True
Does 22 divide 374?
True
Is 9 a factor of 684?
True
Is 3702 a multiple of 4?
False
Does 60 divide 23160?
True
Is 7350 a multiple of 98?
True
Is 48 a factor of 1418?
False
Does 38 divide 1915?
Fa